{"id":3101,"date":"2025-09-03T11:00:51","date_gmt":"2025-09-03T09:00:51","guid":{"rendered":"https:\/\/cabaretburlesque.com\/?page_id=3101"},"modified":"2026-04-01T14:12:26","modified_gmt":"2026-04-01T12:12:26","slug":"lecole","status":"publish","type":"page","link":"https:\/\/cabaretburlesque.com\/index.php\/lecole\/","title":{"rendered":"L&#8217;\u00e9cole"},"content":{"rendered":"<section class=\"wpb-content-wrapper\">[vc_row][vc_column width=&#8221;1\/2&#8243;][vc_column_text]Vous l&#8217;avez demand\u00e9e, l&#8217;Ecole du Cabaret Burlesque revient!<\/p>\n<p>Nous sommes tr\u00e8s heureuses de nous installer \u00e0 deux pas de notre salle mythique de <a href=\"https:\/\/lanouvelleseine.com\/\">la Nouvelle Seine<\/a>, \u00e0 la <a href=\"https:\/\/www.citedesartsparis.net\/\">Cit\u00e9 Internationale des Arts<\/a>. Il n&#8217;y a qu&#8217;\u00e0 traverser la Seine!<\/p>\n<p>La cr\u00e8me de la cr\u00e8me des artistes du Cabaret Burlesque vous d\u00e9voile tous ses trucs et astuces.<br \/>\nChaque professeur a \u00e9labor\u00e9 ses cours de mani\u00e8re tr\u00e8s sp\u00e9cifique pour vous proposer des ateliers originaux, suivant sa sp\u00e9cialit\u00e9 dans le burlesque. Visitez r\u00e9guli\u00e8rement notre site pour d\u00e9couvrir ce qui vous correspond le mieux ou simplement ce qui \u00e9veille votre curiosit\u00e9!<\/p>\n<p>Note pour les timides:<br \/>\nTout est fait pour vous mettre \u00e0 l\u2019aise: nous pr\u00e9f\u00e9rons travailler sans miroirs \u2013 nous sommes l\u00e0 pour nous amuser et non pour nous observer sous toutes les coutures. PLACES LIMIT\u00c9ES!<\/p>\n[\/vc_column_text][\/vc_column][vc_column width=&#8221;1\/2&#8243;][vc_single_image image=&#8221;3127&#8243; img_size=&#8221;full&#8221;][\/vc_column][\/vc_row][vc_row][vc_column width=&#8221;1\/2&#8243;][vc_column_text]\n<h1>Sautez le pas!<\/h1>\n[\/vc_column_text][vc_single_image image=&#8221;3136&#8243; img_size=&#8221;full&#8221;][\/vc_column][vc_column width=&#8221;1\/2&#8243;][vc_column_text]<em>Sur t\u00e9l\u00e9phone, cliquez le &#8220;i&#8221; \u00e0 droite pour trouver toutes les informations au sujet du cours d\u00e9sir\u00e9.<\/em>[\/vc_column_text][vc_column_text]<script type=\"text\/javascript\" src=\"https:\/\/bookeo.com\/widget.js?a=42551999KKH19C75BD97D0\"><\/script>[\/vc_column_text][\/vc_column][\/vc_row][vc_row][vc_column width=&#8221;1\/2&#8243;][vc_column_text]\n<h1>La presse en parle<\/h1>\n[\/vc_column_text][\/vc_column][vc_column width=&#8221;1\/2&#8243;][vc_single_image image=&#8221;3107&#8243; img_size=&#8221;full&#8221;][\/vc_column][\/vc_row]\n<\/section>","protected":false},"excerpt":{"rendered":"<p>[vc_row][vc_column width=&#8221;1\/2&#8243;][vc_column_text]Vous l&#8217;avez demand\u00e9e, l&#8217;Ecole du Cabaret Burlesque revient! Nous sommes tr\u00e8s heureuses de nous installer \u00e0 deux pas de notre salle mythique de la Nouvelle Seine, \u00e0 la Cit\u00e9 Internationale des Arts. Il n&#8217;y a qu&#8217;\u00e0 traverser la Seine! La cr\u00e8me de la cr\u00e8me des artistes du Cabaret Burlesque vous d\u00e9voile tous ses trucs et astuces. Chaque professeur a [&hellip;]<\/p>\n","protected":false},"author":1,"featured_media":0,"parent":0,"menu_order":0,"comment_status":"closed","ping_status":"closed","template":"","meta":{"inline_featured_image":false,"footnotes":""},"class_list":["post-3101","page","type-page","status-publish","hentry"],"aioseo_notices":[],"_links":{"self":[{"href":"https:\/\/cabaretburlesque.com\/index.php\/wp-json\/wp\/v2\/pages\/3101","targetHints":{"allow":["GET"]}}],"collection":[{"href":"https:\/\/cabaretburlesque.com\/index.php\/wp-json\/wp\/v2\/pages"}],"about":[{"href":"https:\/\/cabaretburlesque.com\/index.php\/wp-json\/wp\/v2\/types\/page"}],"author":[{"embeddable":true,"href":"https:\/\/cabaretburlesque.com\/index.php\/wp-json\/wp\/v2\/users\/1"}],"replies":[{"embeddable":true,"href":"https:\/\/cabaretburlesque.com\/index.php\/wp-json\/wp\/v2\/comments?post=3101"}],"version-history":[{"count":18,"href":"https:\/\/cabaretburlesque.com\/index.php\/wp-json\/wp\/v2\/pages\/3101\/revisions"}],"predecessor-version":[{"id":3185,"href":"https:\/\/cabaretburlesque.com\/index.php\/wp-json\/wp\/v2\/pages\/3101\/revisions\/3185"}],"wp:attachment":[{"href":"https:\/\/cabaretburlesque.com\/index.php\/wp-json\/wp\/v2\/media?parent=3101"}],"curies":[{"name":"wp","href":"https:\/\/api.w.org\/{rel}","templated":true}]}}